{"id":92,"date":"2020-08-04T06:12:15","date_gmt":"2020-08-04T06:12:15","guid":{"rendered":"https:\/\/coofinanciar.com.co\/index.php\/our-farm\/"},"modified":"2024-06-14T15:18:24","modified_gmt":"2024-06-14T20:18:24","slug":"quien-es-coofinanciar","status":"publish","type":"page","link":"https:\/\/coofinanciar.com.co\/index.php\/como-asociarse\/quien-es-coofinanciar\/","title":{"rendered":"Nuestra cooperativa"},"content":{"rendered":"\t\t<div data-elementor-type=\"wp-page\" data-elementor-id=\"92\" class=\"elementor elementor-92\">\n\t\t\t\t\t\t<section class=\"elementor-section elementor-top-section elementor-element elementor-element-6128fcf elementor-section-boxed elementor-section-height-default elementor-section-height-default wpr-particle-no wpr-jarallax-no wpr-parallax-no wpr-sticky-section-no\" data-id=\"6128fcf\" data-element_type=\"section\" data-e-type=\"section\" data-settings=\"{&quot;background_background&quot;:&quot;gradient&quot;,&quot;shape_divider_bottom&quot;:&quot;nature&quot;,&quot;_ha_eqh_enable&quot;:false}\">\n\t\t\t\t\t\t\t<div class=\"elementor-background-overlay\"><\/div>\n\t\t\t\t\t\t<div class=\"elementor-shape elementor-shape-bottom\" aria-hidden=\"true\" data-negative=\"false\">\n\t\t\t<svg xmlns=\"http:\/\/www.w3.org\/2000\/svg\" viewBox=\"0 0 4080 400\" preserveAspectRatio=\"none\">\n<polygon class=\"elementor-shape-fill ha-shape-divider\" opacity=\"0.8\" enable-background=\"new    \" points=\"0,102.1 94.6,102.1 26.3,245.4 0,187.5 \"\/>\n<polygon class=\"elementor-shape-fill ha-shape-divider\" opacity=\"0.5\" enable-background=\"new    \" points=\"1398.3,169.1 1635.8,182.7 1570.6,379.9 1515.4,195.9\n\t1499.9,234.6 1482.3,217.3 1459.7,278.5 1434.2,233.1 1409.1,245.9 1388,190.7 \"\/>\n<path class=\"elementor-shape-fill ha-shape-divider\" opacity=\"0.2\" enable-background=\"new    \" d=\"M1579.3,156.6c0,65.7,53.2,118.9,118.9,118.9\n\tc49.7,0,92.2-30.5,110-73.8c15.5,17.5,38.3,28.6,63.6,28.6c46.9,0,85-38,85-85L1579.3,156.6z\"\/>\n<path class=\"elementor-shape-fill ha-shape-divider\" opacity=\"0.2\" enable-background=\"new    \" d=\"M2073,147.1c16,38.5,53.9,65.6,98.2,65.6c24,0,46.2-8,64-21.5\n\tc4.4,42.9,40.6,76.3,84.6,76.3c44.3,0,80.7-33.8,84.7-77.1C2299,191.1,2184,180.2,2073,147.1z\"\/>\n<path class=\"elementor-shape-fill ha-shape-divider\" opacity=\"0.2\" enable-background=\"new    \" d=\"M2285.7,75.1l-114.5-75c-58.7,0-106.3,47.6-106.3,106.3\n\tc0,0.3,0,0.6,0,0.9L2285.7,75.1z\"\/>\n<path class=\"elementor-shape-fill ha-shape-divider\" opacity=\"0.3\" enable-background=\"new    \" d=\"M4080,68.6V0L2818.6,9l-827.5,109\n\tc122.5,50.8,254.3,69.7,375.9,72.1l46.8,127.3l36.9-114.6l14.3,52.5l17.6-10.9l18.5,42l14.3-62.1l14.3,20.2l8.4-41.6l42,173.4\n\tl46.6-203.5c115.6-17,191.9-40.3,191.9-40.3s235.8-66.8,476.8-84.1c169-12.1,367.7,31.9,367.7,31.9S3890.5,191.4,4080,68.6z\"\/>\n<path class=\"elementor-shape-fill ha-shape-divider\" opacity=\"0.2\" enable-background=\"new    \" d=\"M4080.1,216.8V68.7c0,0,0,0-0.1,0c-61.7,40-127.4,55.1-188,57.4\n\tl43.7,66.4l36.1-60.5l36.9,55l32.7-7.1l30.2,36.9H4080.1z\"\/>\n<path class=\"elementor-shape-fill ha-shape-divider\" opacity=\"0.8\" enable-background=\"new    \" d=\"M3496.3,54.2c12.1,39.7,47,70.3,90.9,74.8\n\tc23.9,2.4,46.8-3.3,65.9-14.9c0,43.1,32.6,80,76.4,84.5c44.1,4.5,83.7-25.5,92.1-68.1c-104.6-10-217.4-32.3-324.1-76.2\n\tC3497.1,54.3,3496.6,54.3,3496.3,54.2z\"\/>\n<path class=\"elementor-shape-fill ha-shape-divider\" opacity=\"0.7\" enable-background=\"new    \" d=\"M2867.3,119.7l22.9,33.1l27.1-8.7l28.1,29.6l22.1-43.1l20.6,14.5\n\tl34.5-59.5C2958,98,2903.6,110.7,2867.3,119.7z\"\/>\n<path class=\"elementor-shape-fill ha-shape-divider\" d=\"M4080,0H0v132.6c0,0,117.6-52.2,398-71.7l16.4,34.2l28.1-4.4l23.2,33.6l28.5-39.2l18.1,17.6l39-48.3\n\tc20.9-0.4,42.5-0.6,64.7-0.6c8.5,0,16.9,0.1,25.4,0.2v63.1c-26.2,1.8-47.1,29.8-47.1,64.1c0,35.5,22.4,64.3,50,64.3s50-28.8,50-64.3\n\tc0-34.2-20.8-62.2-47.1-64.1v-63c30,0.6,59.9,2,89.3,4v25c-11.9,1.9-21.2,15.1-21.2,31c0,17.2,10.9,31.2,24.3,31.2\n\tc13.4,0,24.3-13.9,24.3-31.2c0-15.9-9.2-29.1-21.2-31V58.5c305.5,22.2,564.6,114.9,564.6,114.9c317,85.5,690.4-28.9,1012.6-89.4\n\tc227.1-42.7,498.7-61.8,498.7-61.8s302.5-21.1,522.8,0C3561.7,43.2,3839.8,272.8,4080,0z\"\/>\n<\/svg>\n\t\t<\/div>\n\t\t\t\t\t<div class=\"elementor-container elementor-column-gap-no\">\n\t\t\t\t\t<div class=\"elementor-column elementor-col-50 elementor-top-column elementor-element elementor-element-fd151ed\" data-id=\"fd151ed\" data-element_type=\"column\" data-e-type=\"column\">\n\t\t\t<div class=\"elementor-widget-wrap elementor-element-populated\">\n\t\t\t\t\t\t<div class=\"elementor-element elementor-element-b80c507 elementor-widget elementor-widget-heading\" data-id=\"b80c507\" data-element_type=\"widget\" data-e-type=\"widget\" data-widget_type=\"heading.default\">\n\t\t\t\t<div class=\"elementor-widget-container\">\n\t\t\t\t\t<h2 class=\"elementor-heading-title elementor-size-default\">Sobre Nosotros<\/h2>\t\t\t\t<\/div>\n\t\t\t\t<\/div>\n\t\t\t\t<div class=\"elementor-element elementor-element-fc6262a elementor-widget elementor-widget-text-editor\" data-id=\"fc6262a\" data-element_type=\"widget\" data-e-type=\"widget\" data-widget_type=\"text-editor.default\">\n\t\t\t\t<div class=\"elementor-widget-container\">\n\t\t\t\t\t\t\t\t\t<p>46 a\u00f1os contribuyendo al crecimiento social y econ\u00f3mico de nuestros asociados.<\/p>\t\t\t\t\t\t\t\t<\/div>\n\t\t\t\t<\/div>\n\t\t\t\t\t<\/div>\n\t\t<\/div>\n\t\t\t\t<div class=\"elementor-column elementor-col-50 elementor-top-column elementor-element elementor-element-e42f3a2\" data-id=\"e42f3a2\" data-element_type=\"column\" data-e-type=\"column\">\n\t\t\t<div class=\"elementor-widget-wrap\">\n\t\t\t\t\t\t\t<\/div>\n\t\t<\/div>\n\t\t\t\t\t<\/div>\n\t\t<\/section>\n\t\t\t\t<section class=\"elementor-section elementor-top-section elementor-element elementor-element-2726884 elementor-section-boxed elementor-section-height-default elementor-section-height-default wpr-particle-no wpr-jarallax-no wpr-parallax-no wpr-sticky-section-no\" data-id=\"2726884\" data-element_type=\"section\" data-e-type=\"section\" data-settings=\"{&quot;_ha_eqh_enable&quot;:false}\">\n\t\t\t\t\t\t<div class=\"elementor-container elementor-column-gap-no\">\n\t\t\t\t\t<div class=\"elementor-column elementor-col-100 elementor-top-column elementor-element elementor-element-c6dac85\" data-id=\"c6dac85\" data-element_type=\"column\" data-e-type=\"column\">\n\t\t\t<div class=\"elementor-widget-wrap elementor-element-populated\">\n\t\t\t\t\t\t<div class=\"elementor-element elementor-element-d6dc478 eael-dual-header-content-align-center elementor-widget elementor-widget-eael-dual-color-header\" data-id=\"d6dc478\" data-element_type=\"widget\" data-e-type=\"widget\" data-widget_type=\"eael-dual-color-header.default\">\n\t\t\t\t<div class=\"elementor-widget-container\">\n\t\t\t\t\t\n\t\t        <div class=\"eael-dual-header\">\n\t\t\t\t<h2 class=\"title\"><span  class=\"lead solid-color\">\u00bfQuienes <\/span> <span>somos?<\/span><\/h2>\n\t\t<div class=\"eael-dch-separator-wrap\"><span class=\"separator-one\"><\/span>\n\t\t\t<span class=\"separator-two\"><\/span><\/div>\t\t<span class=\"subtext\"><h3>Acerca de nosotros<\/h3><\/span>\n\t\t\t\t\t<span class=\"eael-dch-svg-icon\"><\/span>\t\t\t\t<\/div>\n\t\n\t\t\n\t\t\n\t\t\n\t\t\t\t\t\t<\/div>\n\t\t\t\t<\/div>\n\t\t\t\t<div class=\"elementor-element elementor-element-3d5e12e elementor-widget elementor-widget-text-editor\" data-id=\"3d5e12e\" data-element_type=\"widget\" data-e-type=\"widget\" data-widget_type=\"text-editor.default\">\n\t\t\t\t<div class=\"elementor-widget-container\">\n\t\t\t\t\t\t\t\t\t<p>Somos una cooperativa especializada de ahorro y cr\u00e9dito, desde hace m\u00e1s de <strong>46 a\u00f1os<\/strong> venimos contribuyendo al crecimiento social y econ\u00f3mico de nuestros asociados, sus familias y la comunidad en general, a trav\u00e9s de nuestros servicios financieros y solidarios.<\/p>\t\t\t\t\t\t\t\t<\/div>\n\t\t\t\t<\/div>\n\t\t\t\t<section class=\"elementor-section elementor-inner-section elementor-element elementor-element-82c21c8 elementor-section-boxed elementor-section-height-default elementor-section-height-default wpr-particle-no wpr-jarallax-no wpr-parallax-no wpr-sticky-section-no\" data-id=\"82c21c8\" data-element_type=\"section\" data-e-type=\"section\" data-settings=\"{&quot;_ha_eqh_enable&quot;:false}\">\n\t\t\t\t\t\t<div class=\"elementor-container elementor-column-gap-no\">\n\t\t\t\t\t<div class=\"elementor-column elementor-col-33 elementor-inner-column elementor-element elementor-element-88f5eed\" data-id=\"88f5eed\" data-element_type=\"column\" data-e-type=\"column\">\n\t\t\t<div class=\"elementor-widget-wrap elementor-element-populated\">\n\t\t\t\t\t\t<div class=\"elementor-element elementor-element-55dc0cd eael-dual-header-content-align-center elementor-widget elementor-widget-eael-dual-color-header\" data-id=\"55dc0cd\" data-element_type=\"widget\" data-e-type=\"widget\" data-widget_type=\"eael-dual-color-header.default\">\n\t\t\t\t<div class=\"elementor-widget-container\">\n\t\t\t\t\t\n\t\t        <div class=\"eael-dual-header\">\n\t\t\t\t<h2 class=\"title\"><span  class=\"lead solid-color\">Visi\u00f3n<\/span> <span><\/span><\/h2>\n\t\t<div class=\"eael-dch-separator-wrap\"><span class=\"separator-one\"><\/span>\n\t\t\t<span class=\"separator-two\"><\/span><\/div>\t\t<span class=\"subtext\"><\/span>\n\t\t\t\t\t<span class=\"eael-dch-svg-icon\"><\/span>\t\t\t\t<\/div>\n\t\n\t\t\n\t\t\n\t\t\n\t\t\t\t\t\t<\/div>\n\t\t\t\t<\/div>\n\t\t\t\t<div class=\"elementor-element elementor-element-c6efaf6 elementor-widget elementor-widget-text-editor\" data-id=\"c6efaf6\" data-element_type=\"widget\" data-e-type=\"widget\" data-widget_type=\"text-editor.default\">\n\t\t\t\t<div class=\"elementor-widget-container\">\n\t\t\t\t\t\t\t\t\t<p>Coofinanciar se prospecta al 2026, como una cooperativa de amplio reconocimiento en el Tolima, que brinda servicios financieros y sociales de manera masiva y oportuna, a trav\u00e9s de un ecosistema tecnol\u00f3gico consolidado.<\/p>\t\t\t\t\t\t\t\t<\/div>\n\t\t\t\t<\/div>\n\t\t\t\t<div class=\"elementor-element elementor-element-d9006e3 eael-dual-header-content-align-center elementor-widget elementor-widget-eael-dual-color-header\" data-id=\"d9006e3\" data-element_type=\"widget\" data-e-type=\"widget\" data-widget_type=\"eael-dual-color-header.default\">\n\t\t\t\t<div class=\"elementor-widget-container\">\n\t\t\t\t\t\n\t\t        <div class=\"eael-dual-header\">\n\t\t\t\t<h2 class=\"title\"><span  class=\"lead solid-color\"><\/span> <span>Misi\u00f3n<\/span><\/h2>\n\t\t<div class=\"eael-dch-separator-wrap\"><span class=\"separator-one\"><\/span>\n\t\t\t<span class=\"separator-two\"><\/span><\/div>\t\t<span class=\"subtext\"><\/span>\n\t\t\t\t\t<span class=\"eael-dch-svg-icon\"><\/span>\t\t\t\t<\/div>\n\t\n\t\t\n\t\t\n\t\t\n\t\t\t\t\t\t<\/div>\n\t\t\t\t<\/div>\n\t\t\t\t<div class=\"elementor-element elementor-element-bbd107d elementor-widget elementor-widget-text-editor\" data-id=\"bbd107d\" data-element_type=\"widget\" data-e-type=\"widget\" data-widget_type=\"text-editor.default\">\n\t\t\t\t<div class=\"elementor-widget-container\">\n\t\t\t\t\t\t\t\t\t<p>Somos una Cooperativa Tolimense que ofrece servicios financieros de ahorro y cr\u00e9dito, con una variedad de servicios solidarios para el beneficio directo de nuestros asociados y sus familias.<\/p>\t\t\t\t\t\t\t\t<\/div>\n\t\t\t\t<\/div>\n\t\t\t\t\t<\/div>\n\t\t<\/div>\n\t\t\t\t<div class=\"elementor-column elementor-col-66 elementor-inner-column elementor-element elementor-element-0290361\" data-id=\"0290361\" data-element_type=\"column\" data-e-type=\"column\">\n\t\t\t<div class=\"elementor-widget-wrap elementor-element-populated\">\n\t\t\t\t\t\t<div class=\"elementor-element elementor-element-f844074 eael-dual-header-content-align-center elementor-widget elementor-widget-eael-dual-color-header\" data-id=\"f844074\" data-element_type=\"widget\" data-e-type=\"widget\" data-widget_type=\"eael-dual-color-header.default\">\n\t\t\t\t<div class=\"elementor-widget-container\">\n\t\t\t\t\t\n\t\t        <div class=\"eael-dual-header\">\n\t\t\t\t<h2 class=\"title\"><span  class=\"lead solid-color\">Historia<\/span> <span><\/span><\/h2>\n\t\t<div class=\"eael-dch-separator-wrap\"><span class=\"separator-one\"><\/span>\n\t\t\t<span class=\"separator-two\"><\/span><\/div>\t\t<span class=\"subtext\"><\/span>\n\t\t\t\t\t<span class=\"eael-dch-svg-icon\"><\/span>\t\t\t\t<\/div>\n\t\n\t\t\n\t\t\n\t\t\n\t\t\t\t\t\t<\/div>\n\t\t\t\t<\/div>\n\t\t\t\t<div class=\"elementor-element elementor-element-78d13bc elementor-widget elementor-widget-text-editor\" data-id=\"78d13bc\" data-element_type=\"widget\" data-e-type=\"widget\" data-widget_type=\"text-editor.default\">\n\t\t\t\t<div class=\"elementor-widget-container\">\n\t\t\t\t\t\t\t\t\t<p>En el a\u00f1o 1978,\u00a0 con el sue\u00f1o del se\u00f1or HUGO NEIRA SANCHEZ (q.e.p.d),\u00a0 pionero en crear una Cooperativa,\u00a0 y con el visto bueno del entonces\u00a0 UCONAL, se determin\u00f3 la viabilidad de\u00a0 constituir una cooperativa de ahorro y cr\u00e9dito, pues se contaba\u00a0 con el potencial de 697 trabajadores de la ELECTRIFICADORA DEL TOLIMA y el apoyo del entonces gerente Germ\u00e1n Hoyos Jaramillo (q.e.p.d).<\/p><p>Hasta junio 2001, se denomin\u00f3 COTRASEN y a partir de esa fecha\u00a0 COOFINANCIAR Cooperativa Tolimense de ahorro y Cr\u00e9dito, entidad creada para suplir las necesidades de los asociados en el campo de vivienda, educaci\u00f3n, recreaci\u00f3n y salud.<\/p><p>Hoy, COOFINANCIAR contin\u00faa consolid\u00e1ndose en el sector COOPERATIVO\u00a0 y\u00a0 creciendo con el apoyo y confianza de nuestros asociados, que a la fecha\u00a0 son m\u00e1s de 1.500.<\/p><p>Esperamos seguir trabajando en pro de los valores y principios cooperativos, derechos y deberes plasmados en el Estatuto, como tambi\u00e9n el de\u00a0 nuestro objeto social, misi\u00f3n y visi\u00f3n de nuestra cultura empresarial, dise\u00f1ados para servirles a nuestros asociados y a la comunidad en general como lo venimos haciendo desde hace m\u00e1s 46 a\u00f1os.<\/p>\t\t\t\t\t\t\t\t<\/div>\n\t\t\t\t<\/div>\n\t\t\t\t\t<\/div>\n\t\t<\/div>\n\t\t\t\t\t<\/div>\n\t\t<\/section>\n\t\t\t\t\t<\/div>\n\t\t<\/div>\n\t\t\t\t\t<\/div>\n\t\t<\/section>\n\t\t\t\t<\/div>\n\t\t","protected":false},"excerpt":{"rendered":"<p>Sobre Nosotros 46 a\u00f1os contribuyendo al crecimiento social y econ\u00f3mico de nuestros asociados. \u00bfQuienes somos? Acerca de nosotros Somos una cooperativa especializada de ahorro y cr\u00e9dito, desde hace m\u00e1s de 46 a\u00f1os venimos contribuyendo al crecimiento social y econ\u00f3mico de nuestros asociados, sus familias y la comunidad en general, a trav\u00e9s de nuestros servicios financieros [&hellip;]<\/p>\n","protected":false},"author":1,"featured_media":0,"parent":382,"menu_order":0,"comment_status":"closed","ping_status":"closed","template":"elementor_header_footer","meta":{"site-sidebar-layout":"default","site-content-layout":"page-builder","ast-site-content-layout":"full-width-container","site-content-style":"unboxed","site-sidebar-style":"unboxed","ast-global-header-display":"","ast-banner-title-visibility":"","ast-main-header-display":"","ast-hfb-above-header-display":"","ast-hfb-below-header-display":"","ast-hfb-mobile-header-display":"","site-post-title":"","ast-breadcrumbs-content":"","ast-featured-img":"","footer-sml-layout":"","theme-transparent-header-meta":"enabled","adv-header-id-meta":"","stick-header-meta":"","header-above-stick-meta":"","header-main-stick-meta":"","header-below-stick-meta":"","astra-migrate-meta-layouts":"set","ast-page-background-enabled":"default","ast-page-background-meta":{"desktop":{"background-color":"","background-image":"","background-repeat":"repeat","background-position":"center center","background-size":"auto","background-attachment":"scroll","background-type":"","background-media":"","overlay-type":"","overlay-color":"","overlay-gradient":""},"tablet":{"background-color":"","background-image":"","background-repeat":"repeat","background-position":"center center","background-size":"auto","background-attachment":"scroll","background-type":"","background-media":"","overlay-type":"","overlay-color":"","overlay-gradient":""},"mobile":{"background-color":"","background-image":"","background-repeat":"repeat","background-position":"center center","background-size":"auto","background-attachment":"scroll","background-type":"","background-media":"","overlay-type":"","overlay-color":"","overlay-gradient":""}},"ast-content-background-meta":{"desktop":{"background-color":"var(--ast-global-color-5)","background-image":"","background-repeat":"repeat","background-position":"center center","background-size":"auto","background-attachment":"scroll","background-type":"","background-media":"","overlay-type":"","overlay-color":"","overlay-gradient":""},"tablet":{"background-color":"var(--ast-global-color-5)","background-image":"","background-repeat":"repeat","background-position":"center center","background-size":"auto","background-attachment":"scroll","background-type":"","background-media":"","overlay-type":"","overlay-color":"","overlay-gradient":""},"mobile":{"background-color":"var(--ast-global-color-5)","background-image":"","background-repeat":"repeat","background-position":"center center","background-size":"auto","background-attachment":"scroll","background-type":"","background-media":"","overlay-type":"","overlay-color":"","overlay-gradient":""}},"footnotes":""},"class_list":["post-92","page","type-page","status-publish","hentry"],"_links":{"self":[{"href":"https:\/\/coofinanciar.com.co\/index.php\/wp-json\/wp\/v2\/pages\/92","targetHints":{"allow":["GET"]}}],"collection":[{"href":"https:\/\/coofinanciar.com.co\/index.php\/wp-json\/wp\/v2\/pages"}],"about":[{"href":"https:\/\/coofinanciar.com.co\/index.php\/wp-json\/wp\/v2\/types\/page"}],"author":[{"embeddable":true,"href":"https:\/\/coofinanciar.com.co\/index.php\/wp-json\/wp\/v2\/users\/1"}],"replies":[{"embeddable":true,"href":"https:\/\/coofinanciar.com.co\/index.php\/wp-json\/wp\/v2\/comments?post=92"}],"version-history":[{"count":24,"href":"https:\/\/coofinanciar.com.co\/index.php\/wp-json\/wp\/v2\/pages\/92\/revisions"}],"predecessor-version":[{"id":1596,"href":"https:\/\/coofinanciar.com.co\/index.php\/wp-json\/wp\/v2\/pages\/92\/revisions\/1596"}],"up":[{"embeddable":true,"href":"https:\/\/coofinanciar.com.co\/index.php\/wp-json\/wp\/v2\/pages\/382"}],"wp:attachment":[{"href":"https:\/\/coofinanciar.com.co\/index.php\/wp-json\/wp\/v2\/media?parent=92"}],"curies":[{"name":"wp","href":"https:\/\/api.w.org\/{rel}","templated":true}]}}